ivided by r.
4
Let g(k) = -29*k - 43. What is the remainder when g(-4) is divided by 14?
3
Suppose 4*n - 8*q + 10*q - 942 = 0, -2 = -2*q. What is the remainder when n is divided by 25?
10
Let n(b) = -b**2 + 1. Let u be n(0). Suppose -v - 3 = j - 10, 5*v = j - 19. What is the remainder when j is divided by u - (-7)/(14/4)?
0
Let u be (-1*(3 + -2))/(-1). Calculate the remainder when 2 + u - 74*(-4 - -3) is divided by 8.
5
Let j be (-104)/(-17) + 6/(-51). Let d = -11 + j. What is the remainder when 6/d*255/(-6) is divided by 18?
15
Let h = 23 - 13. Let t be (2 + 22 + 4)/(4/6). Let s = 61 - t. What is the remainder when s is divided by h?
9
Suppose -88 = -3*p - 19. Let y = -3 + p. Calculate the remainder when y is divided by 12.
8
Suppose s - 17 = -44. Let w be (-36)/84 + (-72)/28. Let p = w - s. Calculate the remainder when p is divided by 9.
6
Let d(v) = -12*v**2 + 241*v + 36. What is the remainder when d(19) is divided by 19?
17
What is the remainder when 90 is divided by (-5)/(-20)*2*46?
21
Suppose 160 = 21*k + 13. What is the remainder when k is divided by 6?
1
Let o = -22632 - -22681. What is the remainder when (1 + -19)*27/(-2) is divided by o?
47
Suppose -3*a = -5*o + 3*o - 25, -29 = -3*a + 4*o. What is the remainder when 12 is divided by a?
5
Suppose 0 = -3*q + 59 + 109. Let o = q - 47. Calculate the remainder when 21 is divided by o.
3
Suppose 3*f + 24 = 4*b, -2*b - 12*f + 22 = -16*f. Suppose -4*d - b*d = -329. Calculate the remainder when d is divided by 26.
21
Let j = 3804 - 2563. What is the remainder when j/51*6/2 is divided by 37?
36
What is the remainder when 220 is divided by ((-20)/(-8) - 1)*50?
70
Let o = -201 - -289. Let v = 150 - o. Calculate the remainder when v is divided by 21.
20
Let r = 142 - 112. Calculate the remainder when 67 is divided by r.
7
Let n = 758 - 603. Calculate the remainder when n is divided by 26.
25
Let x(j) = -5*j**3 - 4*j**2 - 13*j - 45. Let i(w) = -w**3 - w**2 - 3*w - 11. Let p(s) = 9*i(s) - 2*x(s). What is the remainder when 137 is divided by p(4)?
32
Suppose -6*z + z = -10. Suppose -v = z*n - 6, 0 = v - 5*n + 3*n + 6. Suppose 5*j = 25 - v. Calculate the remainder when 19 is divided by j.
4
Let q(z) = 10*z - 3. Calculate the remainder when 461 is divided by q(8).
76
Let l(x) = -x**2 - 7*x + 5. Let b be l(4). Let n = -21 - b. Calculate the remainder when 68 is divided by n.
14
Suppose -8*m - 38 = -9*m + 4*s, 0 = 5*m + 4*s - 70. Calculate the remainder when 86 is divided by m.
14
Let w(l) = -l**3 + l**2 + 25. Let j be w(0). Let q(m) = -3*m**3 + 3*m**2 - 2*m - 1. Let h be q(2). Let s = j + h. What is the remainder when 39 is divided by s?
7
Suppose -5*r + 8*r - 9 = 0. Suppose 2*v = -r*h + 121, -2*v - 59 = -h + 2*v. Calculate the remainder when h is divided by 23.
20
Let g(x) = -x**2 + 43*x + 106. Calculate the remainder when g(45) is divided by 2.
0
Let y(s) = -s**2 - 9*s + 1. Let v be y(-7). What is the remainder when (-33)/(0 + v/(-10)) is divided by 6?
4
Let j = 5 - 2. Calculate the remainder when (-3*(-8)/(-18))/(102/(-2448)) is divided by j.
2
Suppose -3*k - 3*z + 2*z + 486 = 0, k + 2*z = 162. Let l = -107 + k. Calculate the remainder when l is divided by 28.
27
Suppose -12 = -4*u + 2*u - 3*i, 15 = 3*u + 3*i. Suppose -u*a - 2*q = -6*q - 7, 0 = a + 2*q - 9. What is the remainder when 24 is divided by a?
4
Suppose -5*y = -6*y - 7. Let v = y + 63. What is the remainder when 8/v + (-446)/(-14) is divided by 11?
10
Suppose 3*v + 231 = 6*c - 3*c, -3*v + 169 = 2*c. What is the remainder when 155 is divided by c?
75
Let a(k) = 6*k**2 - 21*k - 132. Calculate the remainder when a(-6) is divided by 38.
20
Let i(y) be the third derivative of -y**5/60 + y**4/8 - 2*y**3/3 + 6*y**2. Let g be i(3). Calculate the remainder when 47 is divided by (-3 - g) + 11*1.
11
Suppose -129*r + 128*r + 250 = -3*q, 3*r - q - 726 = 0. What is the remainder when r is divided by 33?
10
Let o(s) = -418*s - 1432. What is the remainder when o(-6) is divided by 20?
16
Suppose 0 = -3*j - 5*q + 195, 2*j + 8*q - 3*q - 135 = 0. Suppose j = 4*a - 4*n, 4*a - 116 = n - 41. Calculate the remainder when 59 is divided by a.
19
Let a(b) = -7*b. Calculate the remainder when a(-9) is divided by (5 - -2) + ((-28)/(-4) - 3).
8
Let o = 12 + 3. Let z = 60 + -69. Let d = z + o. What is the remainder when 9 is divided by d?
3
Let i = 188 - 121. Suppose 6*y - 11*y + 5*w = -1025, 627 = 3*y - 5*w. What is the remainder when y is divided by i?
65
Let g = 1 + 1. Suppose -6*f + 54 = g*a - f, -f + 89 = 5*a. Suppose -j = 5*c - 2, -j + 3*j - 3*c - a = 0. Calculate the remainder when 18 is divided by j.
4
Let p be (-3 + 1)/(1/(-95)). What is the remainder when p/2 + 2/(4/6) is divided by 33?
32
Suppose 4*r - 5 = 87. Suppose -3*b - 3*k + 42 = 0, 2*b = -4*k + 33 - 1. What is the remainder when r is divided by b?
11
Let y(h) = 2*h + 15. Let v(w) = w + 7. Let p(l) = 5*v(l) - 2*y(l). Let r be p(-8). What is the remainder when 45 is divided by 23/(r/(-6)*2)?
22
Suppose -536 = -2*z + 2*u, 4*u - 1093 = -4*z + u. Calculate the remainder when z is divided by 55.
51
Suppose -3*z + 2240 = -3*b + 7*b, 5*b + 3*z - 2797 = 0. What is the remainder when b is divided by 20?
17
Calculate the remainder when (25/((-225)/12))/((-2)/858) is divided by 14.
12
Calculate the remainder when (-921)/(-12) - (-72)/(-96) is divided by 14.
6
Let p be 1/(-15)*-5*15. Suppose -14 = -p*t + 96. Calculate the remainder when t is divided by 8.
6
Suppose -2*f + 3 + 5 = 0, -r - 4*f + 22 = 0. What is the remainder when 46 is divided by r?
4
Let c(w) = -5*w**2 - w. Let v be c(-1). Let d be 3252/18 - v/(-6). Let k = -123 + d. Calculate the remainder when k is divided by 15.
12
Let k = 82 - 80. What is the remainder when 0/2 - 2 - (-12)/k is divided by 3?
1
What is the remainder when 319 is divided by (-1)/(10/(-260)) + 1*6?
31
Let l(r) = 2*r**3 + 25*r**2 + 10*r + 12. Let w be l(-12). Suppose 9*x = 13*x - w. What is the remainder when 97 is divided by x?
7
Let x be 356/(-20) + (-3)/15. Let g = x + 35. Let z = 28 - g. What is the remainder when 41 is divided by z?
8
Let k(x) = x**3 + x**2 + x + 100. Suppose m = u - 31, 2*m + 26 - 202 = -5*u. Calculate the remainder when k(0) is divided by u.
32
Suppose 29 = n + a, -9*a + 133 = 5*n - 10*a. What is the remainder when 269 is divided by n?
26
Suppose 0 = -2*b + b + 13. Let q(g) = -7 - 3*g**3 + 2 + 4*g**3 - g + 0 - 2*g**2. Calculate the remainder when q(4) is divided by b.
10
Let h(n) = -n + 7. Let v be h(5). Let b(k) = -v*k + k + 5 + 5*k - 2*k. What is the remainder when 108 is divided by b(16)?
34
Let k = -93 + 124. What is the remainder when 87 is divided by k?
25
Let z(i) = 60*i**2 - 3*i + 2. Let a be (-3)/(-4) + 8/32. Calculate the remainder when z(a) is divided by 31.
28
Let x(b) = -b + 33. Let k = 336 - 269. Calculate the remainder when k is divided by x(15).
13
Let h(d) = -d**3 + 4*d**2 - d - 4. Let t(m) = 5*m**3 - 16*m**2 + 3*m + 17. Let z(x) = -9*h(x) - 2*t(x). What is the remainder when 46 is divided by z(-5)?
10
Let g(w) = 2*w**2 - w. Let x be ((-2)/(-6))/((-1)/(-9)). Suppose 39 = 5*q - 3*b, -11 - 13 = -2*q - 3*b. Calculate the remainder when g(x) is divided by q.
6
Let m(c) = 5*c - 10. Let z(i) = -i + 1. Let n(l) = m(l) + 3*z(l). Suppose -k = -4*k + 9. Calculate the remainder when k is divided by n(5).
0
What is the remainder when 30 - (4*2/8)/1 is divided by 4/(-8) - (372/(-8))/3?
14
Let q = -6 + 4. Let t(l) = l**3 + 36*l**2 + 17. Calculate the remainder when (4/(-2))/q + 48 is divided by t(-36).
15
Suppose -382 = -8*y + 6*y. Let i = -187 + y. Let h(c) = 2*c - 1. Calculate the remainder when i is divided by h(2).
1
Let k = 236 - 112. Let m(w) = 55*w. Let o be m(4). Let g = o - k. Calculate the remainder when g is divided by 33.
30
Suppose 0 = -3*j + 8*j - 65. Suppose l - 2 = h, -3*h - 4*l + 40 - 11 = 0. What is the remainder when -75*h*(-8)/36 is divided by j?
11
Let n = -961 + 1139. What is the remainder when n is divided by 9?
7
Let k(a) = -a**3 + 7*a**2 - 6*a + 3. Suppose 4*c - 14 = 10. Calculate the remainder when (1 - 5)/(c/(-15)) is divided by k(6).
1
Let u = 137 + -95. Let r = -4 - -15. What is the remainder when u is divided by r?
9
Suppose -4*t + 56 = 3*t. Suppose 0 = -t*p + 40 + 296. Calculate the remainder when p is divided by 15.
12
S